 u(f) = -6*i(f) + l(f). Let q be u(-14). Is c(q) composite?
False
Let r = 715 - 711. Let b(f) = -8*f**2 - 7*f + 9*f + 9*f + 6*f**3 - 7. Is b(r) composite?
False
Let q = 217840 + -129618. Is q a prime number?
False
Let h = 201429 + 43474. Is h a prime number?
False
Suppose -440 = -4*n + 4*x, 2*x + 107 + 6 = n. Let k = n - 103. Suppose 2*b - 758 = -c, -k*b + 4*c = 2*c - 1516. Is b a prime number?
True
Suppose 4*k = -3*q + 586, -q - 5*k - 1000 = -6*q. Is (-4)/9 - (-560626)/q a composite number?
True
Let f(k) = -2*k**2 + k + 2. Let p be f(-1). Let r be p + -1 + -1 - -5. Suppose r*g - 1475 = 27. Is g a prime number?
True
Let k(l) = -18974*l + 14533. Is k(-29) a composite number?
False
Let z = 1600251 - 1142684. Is z a prime number?
False
Let n(b) = 27*b**3 + 23*b**2 + 53*b + 54. Let f(m) = 14*m**3 + 12*m**2 + 26*m + 27. Let y(u) = 5*f(u) - 3*n(u). Is y(-8) a composite number?
False
Let a = -67 + 69. Suppose -5*n = 25*z - 28*z + 1076, z = a*n + 357. Is z a prime number?
True
Suppose -32 = h - 9*h. Let o be 228 + h + -7 - 0. Suppose n - 3*l = 2*l + o, l + 703 = 3*n. Is n composite?
True
Let z = 1784 + -1044. Let h = 24203 + z. Is h a composite number?
False
Suppose 4*r = 28*r + 57936. Let q = r - -31309. Is q a prime number?
False
Suppose -35*w + 715065 + 6460508 = 144*w. Is w a prime number?
True
Let z(o) be the third derivative of 7*o**5/12 - 5*o**4/2 - 8*o**3/3 + o**2 - 39. Is z(17) a prime number?
False
Let l(j) = -12 - j - 2*j**2 + 0*j**2 + 290 + 941. Is l(0) composite?
True
Let r(j) be the third derivative of 11*j**5/30 + j**4 - 11*j**3/6 + 103*j**2. Is r(-5) composite?
False
Let z(a) = a**2 + 2*a + 3. Let p be z(3). Suppose 6 + p = -6*h. Is ((-1587)/12)/(1/h*1) composite?
True
Let t = -67656 + 132869. Is t a prime number?
True
Let u = 6 - 8. Let l(c) be the first derivative of 52*c**3/3 + 5*c**2/2 + 7*c + 15. Is l(u) composite?
True
Let d = 48 + -41. Suppose -10*i = -d*i - 2373. Is i composite?
True
Let o be 28/154 + 1455384/22. Let p = -44715 + o. Is p prime?
False
Let s(m) = 57*m + 50. Is s(33) a composite number?
False
Let b(v) = -v**2 + 13*v - 10. Let j be b(3). Suppose j*h - 1271 = 19*h. Is h prime?
False
Suppose 683 = d - 149. Let k be ((-818)/(-3))/(4/30). Let z = k - d. Is z a composite number?
False
Let c = 43662 - -73435. Is c a prime number?
False
Suppose 6 = -122*x + 124*x, 0 = -c - 4*x + 9793. Is c a prime number?
True
Let a(p) = p**2 + p + 7. Let l be a(-9). Suppose -l*o + 2566 = -77*o. Is o a prime number?
True
Let g = 48 - 7. Suppose -3449 = -g*d + 40*d. Is d a composite number?
False
Suppose 5*u + 5 = 0, -5 = -5*t + 2*u + 7. Suppose 2*f = 4*m + 2538 + 1840, t*f = -5*m + 4351. Is f a composite number?
True
Let x = -38 - -43. Suppose -295 = -2*r + 3*n, 0 = 4*r - 6*n + x*n - 575. Suppose z + 4*t = r, -3*z + 107 = 2*t - 362. Is z composite?
True
Let c(o) = 27 + 24 - 8*o - 7 - 11. Let u be c(-29). Suppose -4*f - 4*k + 1219 = -u, 0 = 2*k. Is f prime?
False
Let h(a) = -15449*a**2 - 7*a - 7. Let z be h(-1). Is z/(-70) + (-15)/(-50) a prime number?
False
Let z(w) = -141177*w + 5287. Is z(-12) a prime number?
False
Suppose 5*l = 3*h - 39, -13*h = -2*l - 9*h - 24. Let w(g) = 324*g**2 + 13. Is w(l) a composite number?
False
Let w(c) = -246*c - 4. Let q(g) = -g - 1. Let u(j) = -2*q(j) - w(j). Let t be u(1). Let y = t - 143. Is y a composite number?
True
Is ((-2183207)/104)/(2/(-16)) composite?
True
Suppose -3*w - p + 7 = 0, 3*p = -0*w + 2*w - 1. Let k = 3 + w. Suppose -k*h + 1127 = 2*d - 2*h, -5*h + 560 = d. Is d composite?
True
Suppose 12194 = 332*d - 319*d. Let f be 4/(-14) - 69/(-21). Suppose 0 = f*m - 4721 + d. Is m prime?
False
Let i = 155 + -151. Is (-10)/i - (73773/(-6))/21 prime?
False
Suppose 0 = -2*h - 15*o + 20*o + 578, -2*o = -2*h + 578. Let t = 4470 - h. Is t a composite number?
True
Let p = -12721 - -17868. Is p composite?
False
Let v be 1/(-3*4/60). Let u(i) = -1675*i - 166. Is u(v) a composite number?
False
Suppose 2*u + 1122626 = 5*d - 40011, 2*u - 1162653 = -5*d. Is d prime?
False
Let t(q) = -3*q + 14. Let l be t(3). Suppose 0 = -p + 2*a + 4, 8*p + a = l*p + 12. Suppose -2*m + p*m = 3702. Is m composite?
True
Let o(x) = -4*x**2 + 198*x**3 - 83*x**3 - 2*x + 13*x - 2 - 87*x**3. Suppose -s + 4 - 1 = 0. Is o(s) prime?
True
Let k(z) = z**3 - 8*z**2 - 11*z + 5. Let m be k(9). Suppose 0 = 21*q + 369 + 702. Let c = m - q. Is c prime?
False
Suppose -q = s - 555812, 2*s - 1093725 = 5*q + 17857. Is s a prime number?
False
Suppose -25*j - 87 + 687 = 0. Suppose 0 = -j*y - 11624 + 52256. Is y a prime number?
True
Let g(v) = v**2 + 42*v + 254. Let c be g(-7). Let i be (-10)/4*16/(-4). Suppose i*k - 818 = c*k. Is k a composite number?
True
Let p = -153 - -148. Is p - (-11 + 5) - -1636 prime?
True
Suppose 0 = 1143*d - 1146*d + 15. Suppose -4*i = 5*f - 13273, -i - 6045 = -d*f + 7243. Is f a composite number?
False
Let c(x) be the third derivative of -x**5/60 - x**4/3 + x**2. Let y be c(-7). Is (3785/y)/1 + (-18)/(-63) prime?
True
Suppose -u + 25 + 1 = 0. Let t be u/(-65) - (-22)/5. Suppose -385 = t*h - 9*h. Is h composite?
True
Suppose 3*v = 3*r + 8787, 0 = -4*v + r + 8501 + 3215. Suppose 2*n - 10 = 0, 3*o - 21058 = -o - 2*n. Let l = o - v. Is l composite?
False
Suppose -3*n = p - 3, -2*p = -10*n + 5*n + 16. Let m be p + 3 + 1178/2. Suppose k + 0*r - r - 569 = 0, 4*r - m = -k. Is k prime?
False
Let k(p) = -13*p. Let a be k(-1). Let x(f) = 2*f**2 - 25*f - 10. Let m be x(a). Suppose 0 = 3*s - 5*n - 3157, -m*s = 3*n - 1600 - 1541. Is s a composite number?
False
Suppose -328*q = -313*q - 11264295. Is q composite?
True
Suppose -629 = 31*c - 3419. Is (-3 - (-1776792)/c) + (-6)/45 a composite number?
False
Let x be 0/((-6)/(-4 + -2) - -3). Suppose x = -n + 4*t + t + 6006, 5*n = -t + 29900. Is n prime?
True
Let o = -234479 + 416578. Is o a prime number?
True
Suppose 66*h = -136*h + 34275158. Is h composite?
True
Let o(z) = -197*z - 172. Suppose 0 = -70*x + 58*x - 324. Is o(x) prime?
True
Let l be (-1680045)/(-225) - (-4)/30 - -3. Suppose -4*c - 14*c = -l. Is c a prime number?
False
Let b = -136 + 112. Is (-16856)/b - (-2)/3 - 2 a prime number?
True
Let m(d) be the third derivative of 14*d**2 - 4/3*d**3 + 0 + 13/8*d**4 + 0*d. Is m(13) prime?
True
Let z = 48 + -53. Let g(t) = -t - 5. Let f be g(z). Suppose 3*l - 2*b - 1211 = f, 1195 = 3*l - 3*b + 5*b. Is l prime?
True
Let a(x) = x**2 - 15. Let k(u) = -u**3 + 10*u**2 - 8*u - 5. Let q be k(9). Let l be a(q). Suppose 29 = 4*r + l. Is r composite?
False
Suppose -2616 = -4*m - 3*r, -3*r + 612 = -5*m + 3909. Suppose x = -5*g - 254, -5*g + 0*g + 966 = -4*x. Let k = x + m. Is k composite?
True
Suppose -9*t = -8*t - 6. Let w be 39/t*2*1. Suppose 37 = 4*n + w. Is n composite?
True
Suppose -2 = -8*d + 14. Suppose d*i - 4*u = 1566, 2*u + 1349 = 4*i - 1789. Is i a composite number?
True
Suppose 2*g - o = -4*o + 118289, -3*g - o = -177451. Suppose 10*l - 2*l - g = 0. Suppose m - 5*i - 1850 = -358, 5*m - 3*i = l. Is m a composite number?
True
Let g = 20825 - 7666. Is g prime?
True
Let g = -53 - 436. Let u = 724 + g. Is u a composite number?
True
Is (-108)/90 - 389542/(-10) prime?
True
Suppose 1544*p - 1583*p + 14701011 = 0. Is p a prime number?
True
Suppose 0 = -x - 4*y - 6, 5*x + 0*x = -5*y. Is 2 + (-5)/x - 17310/(-4) a composite number?
False
Suppose -3*c + 153 = -3*t, 2*t = -4*c - 31 + 265. Suppose 5*b + c = b. Is 4/(-14) + (-6234)/b - -4 a prime number?
True
Is -2 + 22638 - 10*(-3)/30 a prime number?
True
Suppose 13*g - 19056676 = -7592015. Is g a composite number?
False
Suppose 10*b + 16561 = -102*b + 52065. Is b composite?
False
Suppose -2*g - 4*b = -3*b - 8945, 5*g + 5*b = 22355. Suppose g = 2*s - 2*h, 6*h + 8948 = 4*s + 7*h. Is s a composite number?
False
Let b(h) be the first derivative of h**6/360 + 3*h**5/40 - 7*h**4/12 - 10*h**3/3 + 33. Let x(v) be the third derivative of b(v). Is x(11) a prime number?
False
Suppose 3*r - x - 1234441 = -59604, 3*r = -2*x + 1174843. Is r a composite number?
False
Let f(s) be the second derivative of s**4/12 - s**3/6 + 3*s**2 + 9*s - 7. Let w = 1 - 5. Is f(w) a prime number?
False
Suppose -4*q + l = -3, l = -1 + 6. Suppose 22*w - 920 = -n + 23*w, -q*n + 1837 = -5*w. Is n prime?
False
Suppose 5*h - 42 = -h. Suppose -10257 = -h*n + 3085. Suppose 0*r + r - 385 = 4*c, -